1502
In base 6, what is -3 - 1220344?
-1220351
In base 4, what is -1230301 - -102?
-1230133
In base 15, what is 2d + -42e5?
-42b7
In base 6, what is -1441533 + 2?
-1441531
In base 14, what is 28bd5 + -7?
28bcc
In base 3, what is -21 - -101210212?
101210121
In base 2, what is 111001010001 - -100001?
111001110010
In base 2, what is 11100 + 1101111100110?
1110000000010
In base 6, what is -5 + 4453211?
4453202
In base 3, what is -1001020002 + 2?
-1001020000
In base 14, what is 3 - -8630?
8633
In base 11, what is 17a8 - 28?
1780
In base 16, what is 5 - -e50?
e55
In base 4, what is 11 - 111030321?
-111030310
In base 6, what is 1210 - 1150?
20
In base 3, what is 201111211 - -11211?
201200122
In base 3, what is 210011111220000 - 0?
210011111220000
In base 2, what is 101110 + 1100111?
10010101
In base 15, what is -5 + 217bee?
217be9
In base 13, what is 223 - -275?
498
In base 5, what is -10202 - -110?
-10042
In base 7, what is -141636 - 3?
-141642
In base 5, what is -2 - -10232100?
10232043
In base 3, what is 10110201 + 12?
10110220
In base 6, what is 220004 + -13?
215551
In base 8, what is 42434 + 53?
42507
In base 15, what is 51 + -126?
-c5
In base 7, what is 12645456 + 4?
12645463
In base 14, what is -41093 - 2?
-41095
In base 5, what is 311324140 + 3?
311324143
In base 10, what is 12 + 5656?
5668
In base 5, what is 10 - -42424033?
42424043
In base 16, what is -7e4aa + 2?
-7e4a8
In base 8, what is 4 + -30375?
-30371
In base 6, what is -1024 - 23?
-1051
In base 10, what is 5040861 - 1?
5040860
In base 7, what is -6430012 - 5?
-6430020
In base 9, what is 341271 + -1?
341270
In base 4, what is -10 - 13330?
-20000
In base 5, what is 340332 + 2?
340334
In base 8, what is -315621 + -25?
-315646
In base 14, what is -d11 - 16d?
-1080
In base 4, what is -30122202 + 11?
-30122131
In base 6, what is 154423041 - 0?
154423041
In base 4, what is -22201031313 + -3?
-22201031322
In base 9, what is 3118 + -16?
3102
In base 7, what is -1134 + 122?
-1012
In base 12, what is 0 + 4a62a4?
4a62a4
In base 7, what is 1121 - -10634?
12055
In base 15, what is 6d - -db?
159
In base 4, what is -3301 - 202220?
-212121
In base 15, what is -113 + -10b?
-21e
In base 13, what is 18c + -1570?
-13b1
In base 11, what is 1073 - -a?
1082
In base 15, what is -9d + -265?
-313
In base 16, what is -e44f - -1?
-e44e
In base 8, what is 236252 - -2?
236254
In base 14, what is 1555 + -1?
1554
In base 11, what is 75a8 - 9?
759a
In base 15, what is d7d - 42?
d3b
In base 4, what is -3312 + -133?
-10111
In base 2, what is -100110100111 - -11010010?
-100011010101
In base 9, what is 40 - -6411?
6451
In base 7, what is 1312456 + 0?
1312456
In base 8, what is -24 - -56607?
56563
In base 4, what is 113 - -22202?
22321
In base 16, what is -1 - 2d277?
-2d278
In base 8, what is -1433 + 136?
-1275
In base 2, what is 10 - 1111001110000011100?
-1111001110000011010
In base 8, what is -374207 + 3?
-374204
In base 3, what is -12201 + 2011?
-10120
In base 11, what is 13581 + 23?
135a4
In base 9, what is -147 + -35?
-183
In base 14, what is -2845bb + 3?
-2845b8
In base 6, what is 134324 - -20?
134344
In base 11, what is 34101 - -1?
34102
In base 2, what is -10000000100 + -1010100?
-10001011000
In base 16, what is a4 - 2d66?
-2cc2
In base 5, what is 144230 + -1?
144224
In base 10, what is 10 - -3470?
3480
In base 6, what is -3241 - 131?
-3412
In base 4, what is -3 - 132003?
-132012
In base 14, what is 859 + -48?
811
In base 2, what is 1000011 + 110110000111?
110111001010
In base 12, what is -5aa - 2156?
-2744
In base 2, what is 1000 - 1000011110100011?
-1000011110011011
In base 3, what is -2222 + 220122?
210200
In base 16, what is 1 - -23ea0?
23ea1
In base 10, what is -7586 - 25?
-7611
In base 9, what is -56 - 83772?
-83838
In base 5, what is -131204 + -20?
-131224
In base 9, what is 4 + 30124?
30128
In base 16, what is -2 - f56c?
-f56e
In base 3, what is 100 + -10220211?
-10220111
In base 12, what is -609b - 363?
-6442
In base 13, what is -22 - 239?
-25b
In base 10, what is 53069 - 0?
53069
In base 8, what is -273145 + -14?
-273161
In base 2, what is -101000111101110010 + 1?
-101000111101110001
In base 10, what is -3 + -307261?
-307264
In base 10, what is -3 - -13655?
13652
In base 15, what is 5 + -1e918?
-1e913
In base 8, what is -2150 - 127?
-2277
In base 3, what is -12 - 2122202011?
-2122202100
In base 4, what is -130010 - -10032?
-113312
In base 12, what is -3 + -62b3?
-62b6
In base 12, what is 879a - -10?
87aa
In base 9, what is -555 + -2207?
-2763
In base 10, what is 143829 + -8?
143821
In base 12, what is 930 + -61?
88b
In base 8, what is 140137 + 3?
140142
In base 15, what is 1abd + -47?
1a76
In base 4, what is -21023232 + -111?
-21030003
In base 16, what is 0 - ed311?
-ed311
In base 14, what is -1a8c - -4?
-1a88
In base 7, what is -4135101 - 0?
-4135101
In base 4, what is 11200 + 23131?
100331
In base 12, what is 138 + 7a?
1b6
In base 2, what is -100100111100100100 - 100?
-100100111100101000
In base 2, what is -111101 - -10110100101101?
10110011110000
In base 9, what is 8172 - -104?
8276
In base 16, what is 84a - -10?
85a
In base 9, what is -3 + -10404?
-10407
In base 9, what is 2616 + 11?
2627
In base 7, what is 1 - 131105?
-131104
In base 8, what is 6 - 1125756?
-1125750
In base 5, what is 123 - 42113?
-41440
In base 3, what is -220 - -122022?
121102
In base 14, what is 2 + -a2b?
-a29
In base 7, what is -5 + 31315?
31310
In base 4, what is 1223 + -10303231?
-10302002
In base 16, what is 38 + b?
43
In base 12, what is -53 + -27a?
-311
In base 9, what is -2623 + -22?
-2645
In base 12, what is 262 - 1282?
-1020
In base 14, what is -387a45 + 4?
-387a41
In base 13, what is -5a2 + -1022?
-15c4
In base 9, what is 3 - 711323?
-711320
In base 2, what is 10000011110011000 + 11?
10000011110011011
In base 5, what is 2 - -13320?
13322
In base 14, what is 5727 + 70?
5797
In base 9, what is 5 - -2284610?
2284615
In base 12, what is -5 + -130186?
-13018b
In base 13, what is 3 + 2892a1?
2892a4
In base 12, what is -2 + 184aa?
184a8
In base 3, what is 1210000100 + -22?
1210000001
In base 12, what is 611b - 5?
6116
In base 13, what is -3 + 2650?
264a
In base 9, what is -60745 - -3?
-60742
In base 2, what is 11100100000 - 11101000001?
-100001
In base 13, what is ba + -12b2?
-11c5
In base 12, what is -37 - 4b59?
-4b94
In base 4, what is -10 + -123110130?
-123110200
In base 2, what is -11 - -1100000111001011?
1100000111001000
In base 10, what is -53816 - 31?
-53847
In base 5, what is 314 - -41444?
42313
In base 8, what is -550176 - 3?
-550201
In base 3, what is 1201111 - -1222?
1210110
In base 13, what is 3 - 2bc0ba?
-2bc0b7
In base 5, what is -10 - -201420442?
201420432
In base 4, what is -12 - -101311333?
101311321
In base 11, what is -1336 - 6a?
-13a5
In base 11, what is 243004 + -6?
242aa9
In base 3, what is -10 + 2201021?
2201011
In base 12, what is -476267 + 1?
-476266
In base 15, what is 324 - -163?
487
In base 8, what is 7503 - 20?
7463
In base 11, what is 0 + 175a2?
175a2
In base 8, what is -134 - -21331?
21175
In base 16, what is -2 - -4071?
406f
In base 3, what is 10 + 20021010002?
20021010012
In base 7, what is -14562 + 30?
-14532
In base 9, what is 5 + 326744?
326750
In base 14, what is d51242 - 2?
d51240
In base 15, what is 82e - -3?
832
In base 16, what is -5c7e + 0?
-5c7e
In base 11, what is 19523 - -1?
19524
In base 15, what is bd - 9cc?
-90e
In base 7, what is 2150 - -2323?
4503
In base 14, what is -2d + -523?
-552
In base 16, what is -92 + -749?
-7db
In base 16, what is -177 + 1fe3?
1e6c
In base 7, what is -56560 + -2?
-56562
In base 8, what is -32 + 116261?
116227
In base 10, what is 4 + 808418?
808422
In base 14, what is -8a9b + -15?
-8ab2
In base 5, what is -2 + -2020402?
-2020404
In base 3, what is 1 + -221101120?
-221101112
In base 13, what is 30a5 + 27?
30cc
In base 12, what is 7664 + -2a?
7636
In base 15, what is 35584 - 3?
35581
In base 6, what is -5341522 + 0?
-5341522
In base 6, what is 1510032 - -12?
1510044
In base 5, what is 234 + 1023?
1312
In base 11, what is 1 + 140861?
140862
In base 4, what is 2 - 211211130?
-211211122
In base 8, what is -3475 - 43?
-3540
In base 12, what is 12 - 7013?
-7001
In base 10, what is 92558 - -10?
92568
In base 9, what is 105 - 24365?
-24260
In base 11, what 